e number?
False
Let i(x) = 0*x**2 + 0*x**2 + x**2 - 2 + 4*x. Let t be i(-5). Let m(h) = 87*h + 2. Is m(t) a composite number?
False
Suppose c + 0*c + 95 = f, -3*c = -f + 89. Suppose 0 = -3*i - f + 491. Is i a composite number?
False
Let d(q) be the third derivative of -3*q**4/8 + 4*q**3/3 - 2*q**2. Is d(-7) a composite number?
False
Let r(j) = 43*j - 121. Is r(8) composite?
False
Suppose k = 3*k - 350. Let n = 70 + -190. Let p = k + n. Is p composite?
True
Let i be ((-45)/(-20))/((-1)/12). Let u = i + 159. Suppose 0*h - u = -4*h. Is h prime?
False
Let c = 19 - 14. Suppose -4*p + 36 = 3*t - 218, -2*t = -c*p + 306. Is p composite?
True
Let z(d) = 4*d. Let f be z(4). Suppose -3*o + f = -149. Is o prime?
False
Is (-3 + 1)/((-6)/873) a composite number?
True
Let w = -4 - -6. Suppose -5*o - w*p = 30, -3*o - p - 13 = -o. Is 4/(o/(-23)) - -2 a composite number?
True
Let h = 117 + 10. Suppose -3*d + 362 = -h. Is d composite?
False
Let y be ((-8)/(-2))/(2/(-1)). Let d = y + 24. Is d a composite number?
True
Suppose -2*h + 6 = -0*h, -h + 409 = 2*y. Is y a composite number?
True
Is ((-161)/2)/(2/(-4)) a prime number?
False
Suppose 5*y - 454 - 380 = -3*l, 2*y + 4*l = 342. Let f(u) = -u**3 - 7*u**2 + 8*u - 2. Let r be f(-6). Let d = y + r. Is d prime?
True
Suppose -5712 - 13662 = -6*i. Is i a composite number?
False
Let l be 0/(-2*3/(-3)). Suppose l*f + f - 7 = 0. Is f a composite number?
False
Let f = -1214 - -1917. Is f a prime number?
False
Let p(n) = 5*n**2 - 3*n - 1. Suppose -5*d = 5*a - 0*d, -2*a + 12 = -4*d. Suppose -12 = -6*f + a*f. Is p(f) prime?
False
Is (2648/12)/((-44)/(-12) + -3) prime?
True
Suppose 2*t = 4*t - 10. Suppose -6*x = -t*x - 211. Is x prime?
True
Let t = 2 - -1. Suppose -2*n - 2*n - 4 = -4*w, 3*w - 21 = -t*n. Suppose -n*q + 13 = -2*q. Is q composite?
False
Suppose 907 - 116 = 7*c. Is c a prime number?
True
Let o(y) = -58*y**3 - 2*y**2 + 2*y + 2. Let n be o(2). Let m = n + 653. Is m prime?
False
Let i(g) = g**3 - 6*g**2 - 5*g - 9. Let v be i(7). Suppose -v*o + 14 = -11. Suppose o*r + 30 = 5*h, h - 26 = -3*r - r. Is h prime?
False
Let f(o) = o**2 + 6*o + 6. Let w be f(-6). Is 112/w - (-1)/3 prime?
True
Let h(a) = -a**2 - 5*a + 10. Let y be h(-7). Let i be (2/y)/((-2)/(-12)). Is i*((-222)/9 + -1) prime?
False
Is 1*((-36939)/(-28) - 2/8) a prime number?
True
Let i = 71 + -38. Suppose 0*v - v + i = 0. Is v a composite number?
True
Let y = -642 + 253. Let d = -262 - y. Is d prime?
True
Let n be (0/1)/(-1 - 1). Suppose 2*s + n*s - 262 = 0. Is s composite?
False
Let n(g) = -g**2 - 6*g - 1. Let b be n(-6). Let z(k) = 192*k**2 - 1. Is z(b) prime?
True
Suppose u - 2*u + 71 = 0. Is u a prime number?
True
Let m = 5 - 8. Suppose -4*p - p = -45. Let c = m + p. Is c prime?
False
Is (-5)/10*5*-94 a composite number?
True
Let t = 17 - -374. Is t prime?
False
Suppose -3*r + 848 = h - 5*h, 3*h + 3*r + 636 = 0. Let k = -93 - h. Is k a composite number?
True
Let v(f) = -3*f**3 - 23*f**2 - 10*f + 9. Is v(-10) prime?
True
Let a = 20 - 21. Is (-656)/(-2) - (-2 + a) a composite number?
False
Let a(l) = 3*l**2 - 5*l - 3. Let c(y) = -y + 2. Let o be c(-5). Is a(o) prime?
True
Suppose -6*c - 2064 = -10*c. Suppose -c - 488 = -4*n. Is n composite?
False
Let b be (-7 + 1)/(6 - 8). Suppose 4*r = m - 297, b*r - 877 = -3*m + r. Is m a composite number?
False
Let k = 4 - 6. Let w(i) = 4*i**2 + i - 4. Let q(p) = -p. Let a(o) = k*q(o) + w(o). Is a(-3) a prime number?
True
Let u(q) = -q**2 + 16*q - 18. Is u(14) a prime number?
False
Let u(r) be the third derivative of r**7/840 + r**5/120 + 23*r**4/24 + r**3/6 - r**2. Let s(k) be the first derivative of u(k). Is s(0) a prime number?
True
Let p(y) = 1805*y - 4. Is p(1) prime?
True
Let k be 3 - ((-3 - -5) + -1). Suppose -k*i + 54 = -64. Is i composite?
False
Suppose 2*r + 2*v + 0 - 4 = 0, -4*r - 6 = -3*v. Suppose y + 4*t = 43, 4*t + r = 8. Is y composite?
True
Suppose 0 = -4*y - 20, -3*n + 655 - 1724 = 2*y. Let r = 640 + n. Is r composite?
True
Let x(a) = 432*a - 1. Is x(2) a prime number?
True
Let y(k) = -10*k + 4. Let g be y(7). Let p = g + 112. Let s = 92 - p. Is s composite?
True
Let x = -8 - -7. Is x - (325 + -1)/(-2) a prime number?
False
Is (2899/(-26))/(2/(-4)) prime?
True
Let k be 2*((-3)/(-1) + -2). Is (-2)/((6/(-57))/k) a prime number?
False
Let o = -21 + 78. Is o a prime number?
False
Is ((-331)/(-2))/(3/6) a prime number?
True
Let m(l) = 5 - 3*l + l**2 - 6*l + 5. Let a be m(7). Is a/6*171/(-6) composite?
False
Let h(r) = 12*r + 10. Suppose -4*t + 0*t = -32. Is h(t) a composite number?
True
Suppose -h - 2 = -2*h. Let q(r) = -r**3 - 3*r**2 + 2*r. Let m be q(h). Let b = 37 - m. Is b prime?
True
Let s(v) = 10*v**2 - 6*v - 2. Is s(4) a prime number?
False
Suppose -20*p + 21*p = 1171. Is p a composite number?
False
Let v = 56 - 19. Is v prime?
True
Suppose -3*l + 5*s + 2 = -16, s = 4*l - 24. Suppose 4*y = 2*y + l. Suppose 0 = -2*q - 4, y*b - 96 = -b - 2*q. Is b composite?
True
Let d(z) = -4*z + 8. Let v(l) = 1. Let j(o) = 3*d(o) - 24*v(o). Let r be j(1). Is -178*2*3/r composite?
False
Suppose 3*z - 15 = -5*c + 6, c - 3 = 0. Is 1 - z*(-148)/2 a prime number?
True
Let j(r) be the second derivative of r**5/20 + 5*r**3/6 - 2*r**2 + 4*r. Is j(5) composite?
True
Let o be (2/5)/((-6)/(-30)). Suppose -o*f + 12 = -2*k, 0*k - 3*k - 11 = 4*f. Is (37/f)/(2/2) a prime number?
True
Let x(p) = p**3 + 8*p**2 - 12*p - 13. Is x(-8) prime?
True
Let r be -2 + 1 + -2 + 22. Let s = r + 66. Is s a composite number?
True
Suppose 1450 = 3*o - 2387. Suppose -2*f - 2566 = -4*l, -2*f - o = -2*l - 5*f. Is l a composite number?
False
Let q(d) = 4*d**2 - d. Let m be q(-1). Suppose -m*b = -54 - 61. Is b prime?
True
Let l(t) = 28*t**2 - 6*t - 7. Is l(-3) a composite number?
False
Let v = 111 - 2. Is v prime?
True
Let w(p) = -p**2 - 5*p - 4. Let f be w(-4). Suppose 2*v + 0*v + 252 = f. Is 2*(v/(-4) + 2) a composite number?
False
Let c be 8/52 - (-6)/(-39). Suppose 0 = -2*n - c*n + 518. Is n a composite number?
True
Let k(f) = 9*f + 15. Is k(18) a composite number?
True
Let r(x) = 2*x**2 - 5*x - 3. Suppose 4*k + 18 = c, -3*k + 5*k = -c. Let g be r(c). Is (2/6)/(1/g) a prime number?
True
Let i be (-4)/(-8) + (-70)/4. Let w = 28 + i. Is w a prime number?
True
Let f(r) = -r**3 + 31*r**2 + 56*r + 31. Is f(30) composite?
True
Is ((-462)/105)/((-1)/5) a composite number?
True
Suppose -5*o = 3*s - 340, -5*s = -4*o + 121 + 188. Suppose 6 = b + 3*q, -5*b - 4*q + o - 8 = 0. Is b a prime number?
False
Let u(m) = -m**3 + 5*m**2 + 8*m - 9. Suppose -4 - 26 = -5*h. Let i be u(h). Suppose -63 = -4*o - i. Is o composite?
True
Let n be 0 - -3 - (5 + 25). Let x = n - -80. Is x a composite number?
False
Suppose 7*h = 3*h + 160. Let b be h*-1 - 2/(-1). Let m = b + 69. Is m a composite number?
False
Suppose j - 84 = 248. Suppose 3*d - j = -d. Is d a prime number?
True
Suppose 0 = 4*s - 7 - 9, 4*v - 632 = -5*s. Let k be ((-5)/10)/((-1)/96). Suppose v = 3*n - k. Is n a composite number?
False
Let h be ((-5)/10)/((-1)/(-148)). Is 4*2/(-16)*h a prime number?
True
Let r = 727 - 350. Is r prime?
False
Let v = 69 + 181. Suppose 5*m - n - v = 4*n, m - 4*n - 41 = 0. Is m prime?
True
Let z(p) = 120*p. Let j be z(-1). Let u = j - -235. Is u a composite number?
True
Suppose 0 = 3*s + s. Let z(g) = -g**3 + 9*g**2 + 2*g - 11. Let n be z(9). Suppose s = i + n - 18. Is i composite?
False
Let k(g) = g**3 + 3*g**2 - 3*g + 2. Let n be k(2). Let j = -7 - 3. Let i = n - j. Is i composite?
True
Let r = -7 + 15. Suppose -2*t + u = -10, t - 2*u - r = -0*t. Suppose 4*a - 4 = -t*h + 32, 5*h + 5 = 0. Is a a prime number?
False
Suppose 7382 = 3*t + c, -2*c = 2*t - 1626 - 3302. Is t composite?
False
Suppose 2*x + 0 + 8 = 0. Is ((-45)/6)/(2/x) a prime number?
False
Let z(v) = -99*v**3 + 4*v + 4. Let l be z(-3). Suppose 5*g = 540 + l. Is g a prime number?
True
Suppose 3*q - 8*q = -5*g - 40, 2*q + 14 = -4*g. Suppose h + q*h + 4*c = 344, -4*h = c - 359. Is h prime?
False
Let z = 2052 - 145. Is z prime?
True
Suppose -5*k = u + 102, 198 + 306 = -4*u + 4*k. Let n = -603 - -278. Let d = u - n. Is d a composite number?
True
Suppose -5*u = 4*g + 34, -5*u = -5*g - 21 - 44. Is g/2*-2*5 prime?
False
Is (-866)/(-10) - 2/(-5) prime?
False
Suppose 5*s = 156 + 164. Let w = s - -3. Is w a composite number?
False
L